{"id":709,"date":"2023-03-07T18:57:29","date_gmt":"2023-03-07T18:57:29","guid":{"rendered":"https:\/\/sallefranque.ch\/?page_id=709"},"modified":"2024-10-16T07:45:55","modified_gmt":"2024-10-16T07:45:55","slug":"craniosacral","status":"publish","type":"page","link":"https:\/\/sallefranque.ch\/index.php\/craniosacral\/","title":{"rendered":"Craniosacral"},"content":{"rendered":"<div class=\"wpb-content-wrapper\"><p>[vc_row css_animation=&#187;&#187; row_type=&#187;row&#187; use_row_as_full_screen_section=&#187;no&#187; type=&#187;full_width&#187; angled_section=&#187;no&#187; text_align=&#187;left&#187; background_image_as_pattern=&#187;without_pattern&#187; css=&#187;.vc_custom_1680018467653{padding-top: 30px !important;padding-right: 15% !important;padding-bottom: 75px !important;}&#187; z_index=&#187;&#187; el_class=&#187;no_padding_on_mob&#187;][vc_column width=&#187;1\/4&#8243; css=&#187;.vc_custom_1680169506262{padding-right: 10% !important;padding-bottom: 5% !important;}&#187;][vc_single_image image=&#187;658&#8243; img_size=&#187;medium&#187; qode_css_animation=&#187;&#187;][vc_column_text]<\/p>\n<h2>V\u00e9ronique Sallefranque<\/h2>\n<div class=\"page\" title=\"Page 2\">\n<div class=\"section\">\n<div class=\"layoutArea\">\n<div class=\"column\">\n<h3>Biodynamische Craniosacral-Therapie<\/h3>\n<\/div>\n<\/div>\n<\/div>\n<\/div>\n<p>[\/vc_column_text][\/vc_column][vc_column width=&#187;3\/4&#8243;][vc_column_text css=&#187;.vc_custom_1678471999475{padding-top: 10px !important;padding-bottom: 20px !important;}&#187;]<\/p>\n<h1>Biodynamische Craniosacral-Therapie<\/h1>\n<p>[\/vc_column_text][vc_column_text]<\/p>\n<p style=\"text-align: left;\">Durch meine H\u00e4nde entsteht ein unmittelbarer Dialog mit Deinem K\u00f6rper und seinen Beschwerden resp. seiner gesunden Natur. Es \u00f6ffnet sich ein Raum, der dem K\u00f6rper erm\u00f6glicht, wieder ins Gleichgewicht zu kommen und den Selbstheilungskr\u00e4ften freien Lauf zu lassen.\u2028\u2028 Craniosacral-Therapie ist eine stille, sanfte und entspannende Form der K\u00f6rperarbeit mit tiefgreifender Wirkung. Sie spricht den Menschen in seiner Ganzheit an und aktiviert seine Selbstheilungskr\u00e4fte.<br \/>\nDie craniosacrale Behandlungsform basiert auf den Erkenntnissen des Osteopathen Dr. W. G. Sutherland. Der Name setzt sich aus Cranium (Sch\u00e4del) und Sacrum (Kreuzbein) zusammen. Mittels \u201edenkenden, f\u00fchlenden, sehenden, wissenden Fingern\u201c (Sutherland) ersp\u00fcrt die Praktizierende verschiedene craniosacrale Rhythmen im K\u00f6rper, die sich in minimalen Knochen-, Membran- und Gewebebewegungen ausdr\u00fccken. Dieser \u2019Lebensatem\u2019 zeigt sich \u00fcber die Bewegung der Hirn- und R\u00fcckenmarksfl\u00fcssigkeit im gesamten K\u00f6rper, \u00e4hnlich den Gezeiten von Ebbe und Flut im Meer. Ver\u00e4nderungen in diesem System geben Hinweise f\u00fcr die therapeutische Arbeit mit den betroffenen anatomischen und energetischen Strukturen.<br \/>\nDurch die biodynamische Behandlung ordnet sich das Miteinander von K\u00f6rper, Geist und Seele neu und richtet sich abermals nach dem in jedem Menschen innewohnenden gesunden und unversehrten Kern aus.<\/p>\n<p>&nbsp;<\/p>\n<h2><\/h2>\n<p style=\"text-align: left;\">Die Craniosacral-Therapie ist eine ganzheitliche K\u00f6rpertherapie, die das Immunsystem st\u00e4rkt und Dich auf dem Weg zur Selbstheilung unterst\u00fctzt.<\/p>\n<p>[\/vc_column_text][vc_column_text css=&#187;.vc_custom_1679669036341{padding-top: 25px !important;}&#187;]<\/p>\n<h6>Craniosacral-Therapie bew\u00e4hrt sich besonders bei:<\/h6>\n<p>&#8211; Migr\u00e4ne, Kopfschmerzen, Schleudertrauma<br \/>\n&#8211; Stresssymptomen, Nervosit\u00e4t, Panikzust\u00e4nden<br \/>\n&#8211; Schwindel, Schlaflosigkeit<br \/>\n&#8211; Schmerzen in Gelenken, in Wirbels\u00e4ule und Nacken<br \/>\n&#8211; Abbau von Verspannungen<br \/>\n&#8211; Depressionen, Angst- und Ersch\u00f6pfungszust\u00e4nden<br \/>\n&#8211; Burnout, fehlendem Selbstwertgef\u00fchl<br \/>\n&#8211; Verarbeitung von Schockzust\u00e4nden und Traumata<br \/>\n&#8211; Unterst\u00fctzung nach Krankheit und Unf\u00e4llen<br \/>\n&#8211; Rekonvaleszenz nach Krankheiten<br \/>\n&#8211; St\u00e4rkung des Immun-, Hormon-, Lymph- und Nervensystems<br \/>\n&#8211; Schwangerschaften, um die fr\u00fche und sichere Mutter-Kind-Bindung zu f\u00f6rdern<br \/>\n&#8211; Schwangerschaften, die schwierig verlaufen[\/vc_column_text][vc_column_text css=&#187;.vc_custom_1729064752368{padding-top: 25px !important;}&#187;]<\/p>\n<h6>Behandlungsablauf<\/h6>\n<p>Biodynamische Craniosacral-Therapie kann vom Neugeborenen bis zum betagten Menschen angewendet werden. Eine Behandlung dauert in der Regel zwischen 1 und 1 \u00bc Stunden und erfolgt in bequemer Kleidunge auf einem Massagetisch liegend, es kann jedoch auch im Sitzen, Stehen, in Bewegung oder am Boden gearbeitet werden.<br \/>\nDie Behandlungen und Genesungsprozesse werden durch Gespr\u00e4che begleitet und unterst\u00fctzt, zugleich ist das stille, rezeptive Lauschen ein wichtiges therapeutisches Instrument.<\/p>\n<p>&nbsp;<\/p>\n<p>&nbsp;<\/p>\n<h1><\/h1>\n<h1>Craniosacral-Therapie f\u00fcr Kinder und Neugeborene<\/h1>\n<p>&nbsp;<\/p>\n<p>Die Craniosacral-Therapie eignet sich bestens f\u00fcr Neugeborene zur liebevollen Unterst\u00fctzung nach der Geburt und zur Aufarbeitung einer Geburt mit Interventionen.<\/p>\n<p>Bei der Geburt wirken sehr grosse Kr\u00e4fte auf das Kind und diese Kr\u00e4fte k\u00f6nnen einerseits Sch\u00e4delknochenverschiebungen bewirken, andererseits grosse Angst und Hilflosigkeit ausl\u00f6sen und starke Spannungen im K\u00f6rper des Neugeborenen aufbauen. Dank der Craniosacral-Therapie k\u00f6nnen Sch\u00e4delverformungen und Spannungen im K\u00f6rper, die sich durch Schreiattacken und Bauchschmerzen, allenfalls Stillprobleme, sowie allgemeines Unwohlsein \u00e4ussern k\u00f6nnen, ganz sanft behandelt und behoben werden und Dein Baby kann fortan ohne Verspannung und Angst das Zusammensein mit Dir geniessen.<\/p>\n<p>&nbsp;<\/p>\n<p>Craniosacral-Therapie ist auch f\u00fcr Kinder und Jugendliche eine wertvolle Unterst\u00fctzung in herausfordernden Phasen.<\/p>\n<p>&nbsp;<\/p>\n<h2>Craniosacral-Therapie hilft Babys und Kindern<\/h2>\n<p>&#8211; nach Zangen-, Saugglocken-, Kaiserschnittgeburten<br \/>\n&#8211; bei Sch\u00e4delverformungen<br \/>\n&#8211; bei Schlafproblemen<br \/>\n&#8211; bei Saugproblemen, Refluxbeschwerden<br \/>\n&#8211; bei Verdauungsproblemen<br \/>\n&#8211; bei ADS und ADHS<br \/>\n&#8211; bei Kiefer- und Zahnstellungsproblemen<br \/>\n&#8211; zur St\u00e4rkung des Selbstbewusstseins<br \/>\n&#8211; bei \u00dcberg\u00e4ngen wie Kindergarten- oder Schuleintritt<br \/>\n&#8211; in der Pubert\u00e4t[\/vc_column_text][\/vc_column][\/vc_row]<\/p>\n<\/div>","protected":false},"excerpt":{"rendered":"<p>[vc_row css_animation=&#187;&#187; row_type=&#187;row&#187; use_row_as_full_screen_section=&#187;no&#187; type=&#187;full_width&#187; angled_section=&#187;no&#187; text_align=&#187;left&#187; background_image_as_pattern=&#187;without_pattern&#187; css=&#187;.vc_custom_1680018467653{padding-top: 30px !important;padding-right: 15% !important;padding-bottom: 75px !important;}&#187; z_index=&#187;&#187; el_class=&#187;no_padding_on_mob&#187;][vc_column width=&#187;1\/4&#8243; css=&#187;.vc_custom_1680169506262{padding-right: 10% !important;padding-bottom: 5% !important;}&#187;][vc_single_image image=&#187;658&#8243; img_size=&#187;medium&#187; qode_css_animation=&#187;&#187;][vc_column_text] V\u00e9ronique Sallefranque Biodynamische Craniosacral-Therapie [\/vc_column_text][\/vc_column][vc_column width=&#187;3\/4&#8243;][vc_column_text css=&#187;.vc_custom_1678471999475{padding-top: 10px !important;padding-bottom: 20px !important;}&#187;] Biodynamische Craniosacral-Therapie [\/vc_column_text][vc_column_text] Durch meine H\u00e4nde entsteht ein&#8230;<\/p>\n","protected":false},"author":1,"featured_media":0,"parent":0,"menu_order":0,"comment_status":"closed","ping_status":"closed","template":"","meta":{"footnotes":""},"class_list":["post-709","page","type-page","status-publish","hentry"],"_links":{"self":[{"href":"https:\/\/sallefranque.ch\/index.php\/wp-json\/wp\/v2\/pages\/709","targetHints":{"allow":["GET"]}}],"collection":[{"href":"https:\/\/sallefranque.ch\/index.php\/wp-json\/wp\/v2\/pages"}],"about":[{"href":"https:\/\/sallefranque.ch\/index.php\/wp-json\/wp\/v2\/types\/page"}],"author":[{"embeddable":true,"href":"https:\/\/sallefranque.ch\/index.php\/wp-json\/wp\/v2\/users\/1"}],"replies":[{"embeddable":true,"href":"https:\/\/sallefranque.ch\/index.php\/wp-json\/wp\/v2\/comments?post=709"}],"version-history":[{"count":81,"href":"https:\/\/sallefranque.ch\/index.php\/wp-json\/wp\/v2\/pages\/709\/revisions"}],"predecessor-version":[{"id":2233,"href":"https:\/\/sallefranque.ch\/index.php\/wp-json\/wp\/v2\/pages\/709\/revisions\/2233"}],"wp:attachment":[{"href":"https:\/\/sallefranque.ch\/index.php\/wp-json\/wp\/v2\/media?parent=709"}],"curies":[{"name":"wp","href":"https:\/\/api.w.org\/{rel}","templated":true}]}}