{"id":727,"date":"2023-03-08T14:21:22","date_gmt":"2023-03-08T14:21:22","guid":{"rendered":"https:\/\/sallefranque.ch\/?page_id=727"},"modified":"2026-03-07T12:29:47","modified_gmt":"2026-03-07T12:29:47","slug":"ueber-mich","status":"publish","type":"page","link":"https:\/\/sallefranque.ch\/index.php\/ueber-mich\/","title":{"rendered":"\u00dcber mich"},"content":{"rendered":"<div class=\"wpb-content-wrapper\"><p>[vc_row css_animation=&#187;&#187; row_type=&#187;row&#187; use_row_as_full_screen_section=&#187;no&#187; type=&#187;full_width&#187; angled_section=&#187;no&#187; text_align=&#187;left&#187; background_image_as_pattern=&#187;without_pattern&#187; css=&#187;.vc_custom_1680039054011{padding-top: 30px !important;padding-right: 15% !important;padding-bottom: 75px !important;}&#187; z_index=&#187;&#187; el_class=&#187;no_padding_on_mob&#187;][vc_column width=&#187;1\/4&#8243; css=&#187;.vc_custom_1680169628779{padding-right: 10% !important;padding-bottom: 5% !important;}&#187;][vc_single_image image=&#187;658&#8243; img_size=&#187;medium&#187; qode_css_animation=&#187;&#187;][vc_column_text]<\/p>\n<h2>V\u00e9ronique Sallefranque<\/h2>\n<div class=\"page\" title=\"Page 2\">\n<div class=\"section\">\n<div class=\"layoutArea\">\n<div class=\"column\">\n<h3>\u00dcber mich<\/h3>\n<\/div>\n<\/div>\n<\/div>\n<\/div>\n<p>[\/vc_column_text][\/vc_column][vc_column width=&#187;3\/4&#8243;][vc_column_text css=&#187;.vc_custom_1678516869532{padding-top: 10px !important;padding-bottom: 20px !important;}&#187;]<\/p>\n<h1>\u00dcber mich<\/h1>\n<p>[\/vc_column_text][vc_column_text][\/vc_column_text][vc_column_text css=&#187;&#187;]Ich wuchs die ersten Lebensjahre eng mit der Natur und den Tieren, u.a. ein Pferd und ein Hund, abgelegen im Tessin auf. Meine Eltern hielten sich regelm\u00e4ssig in buddhistischen Kl\u00f6stern auf, w\u00e4hrend ich deren sch\u00f6nen G\u00e4rten erkundete. So kam es, dass ich von einem tibetischen M\u00f6nch einen zweiten Namen bekam, der richtungsweisend auf mein Leben wirkte. <span class=\"s1\">Sp\u00e4ter wurde ich mit zwei tollen Schwestern beschenkt, wir waren sportlich, kreativ und einfallsreich. Wir hatten das Gl\u00fcck mit viel Freiheit in einem Herrenhaus mit grossem Garten, am nahen Fluss und Wald, neben einem Bauernhof und Zirkus unsere Kindheit verbringen zu d\u00fcrfen. <\/span>Ich bin in grosser Naturverbundenheit und mit Liebe zu Tieren und Zugang zu den bildenden, darstellenden und musikalischen K\u00fcnsten aufgewachsen.<\/p>\n<p>&nbsp;<\/p>\n<p>Bereits in der Kindheit zeichnete sich meine Begabung heilend auf Menschen zu wirken ab. Eine Nahtoderfahrung hat mir einen Einblick ins &#8218;grosse Ganze&#8216; gew\u00e4hrt und meiner Hochsensitivit\u00e4t zugrunde liegt eine ausgepr\u00e4gte mediale F\u00e4higkeit vor, die mir heute, zusammengefasst als starke Intuition dient. Seit jeher ist f\u00fcr mich der Mensch mit seinem Wesen und kreativen Ausdruck, seinen geistigen, seelischen und k\u00f6rperlichen Aspekten, seiner Entwicklung und seinen individuellen Erfahrungen im Zentrum von meinem Interesse gestanden. So f\u00fchrte mich mein beruflicher Weg nach einer KV-Lehre zum Film, Bewegungstheater und Tanz in die Auseinandersetzung mit dem K\u00f6rper und der Pr\u00e4senz, mit der Lebendigkeit und Kreativit\u00e4t des Menschseins. Was heisst es, GANZ da zu SEIN? Schon bald versp\u00fcrte ich den Wunsch, Menschen zu sich selbst und in ihre Kraft zu f\u00fchren. Nach einem traumatischen Erlebnis, stellte sich mir die Frage nochmals in einem anderen Licht: Wie kann ich wieder pr\u00e4sent dasein? Werde ich mich jemals wieder sicher in meinem K\u00f6rper f\u00fchlen k\u00f6nnen? Eingebettet und geborgen in der Welt? Damit begann meine Forschungsreise in die Tiefe zu gehen.<\/p>\n<p>&nbsp;<\/p>\n<p>Die Ausbildungen zur SE Practitioner und zur biodynamischen Craniosacraltherapeutin waren f\u00fcr mich wie ein Nachhause kommen. Beide Methoden faszinieren und begeistern mich. Ganzheitliche Trauma- und K\u00f6rpertherapie tr\u00e4gt grosses Potenzial zur Heilung, Ganzwerdung, zu pers\u00f6nlichem Wachstum und Wohlbefinden in sich.\u00a0Seit 2015 bin ich diplomierte SE Practitioner und seit 2022 bin ich anerkannte Komplement\u00e4rtherapeutin OdA-KT Methode biodynamische Craniosacraltherapie und arbeite selbst\u00e4ndig in eigener Praxis.<\/p>\n<p>&nbsp;<\/p>\n<p>Die weitere Auseinandersetzung mit Trauma und deren Auswirkungen auf den K\u00f6rper und sein Nervensystem sowie mit den feinstofflichen Ebenen und den Energiesystemen im Menschen f\u00fchren mich zu einem tiefen Verst\u00e4ndnis des Menschseins und seinen Heilungsprozessen. Bis heute besch\u00e4ftige ich mich intensiv mit den Themen Gesundheit, Heilung, K\u00f6rperarbeit, Bewusstsein, Pers\u00f6nlichkeits- und Potenzialentfaltung und bilde mich fortlaufend weiter. In der Natur, in der Stille und Meditation, im Tanz und Yoga, bei kreativen Projekten, im Kontakt mit Tieren sowie an geselligen Anl\u00e4sse tanke ich auf. Ich bin Mutter von f\u00fcnf wunderbaren Kindern, die j\u00fcngsten Zwillinge, die meine Erfahrung und meine Entwicklung als Mensch ebenso f\u00f6rdern wie bereichern und lebe mit meiner Familie im sonnigen T\u00f6sstal.[\/vc_column_text][vc_single_image image=&#187;1781&#8243; img_size=&#187;full&#187; css=&#187;.vc_custom_1693230995993{margin-top: 50px !important;margin-bottom: 50px !important;}&#187; qode_css_animation=&#187;&#187;][vc_column_text css=&#187;&#187;]<\/p>\n<h2>Zu meinen wesentlichen Ausbildungen &amp; T\u00e4tigkeiten geh\u00f6ren:<\/h2>\n<p><span style=\"color: #cb9c59;\"><strong>2025 &#8211; 2028 <\/strong><\/span>Assistentin im Craniolehrgang CS25 am Da-Sein Institut in Winterthur mit Dominique D\u00e9granges, Lenka D\u00e9granges, Sandra Bauer<\/p>\n<p><span style=\"color: #cb9c59;\"><strong>2025 <\/strong><\/span>Assistentin in der Cranio-Weiterbildung,\u2018Vermeintlich AD(H)S-Einschulungsproblemen mit Cranio begegnen\u2018 am Da-Sein Institut in Winterthur bei Martin Murli Pauli<\/p>\n<p><span style=\"color: #cb9c59;\"><strong>2025<\/strong><\/span> Assistentin in den Cranio-Weiterbildungen \u00a0&#8218;Schwangerschaftsbegleitung in der Craniosacraltherapie&#8216; und \u201aCranio und Long Covid\u2018 am Da-Sein Institut in Winterthur bei Dominique D\u00e9granges<\/p>\n<p><span style=\"color: #cb9c59;\"><strong>2025<\/strong><\/span>\u00a0Weiterbildung &#8218;Kinder in ihrem Familiensystem&#8216; am Da-Sein Institut in Winterthur bei Xenia Tschopp-J\u00e4ger<\/p>\n<p><span style=\"color: #cb9c59;\"><strong>2025<\/strong><\/span> Assistentin im SE Intro (Somatic Experiencing\u00ae) am Zentrum f\u00fcr innere \u00d6kologie in Z\u00fcrich bei Paki E. Heisserer<\/p>\n<p><span style=\"color: #cb9c59;\"><strong>2024<\/strong><\/span> Assistentin in Cranio-Weiterbildungen &#8218;Die Stille in der BCST&#8216; und &#8218;Tinnitus&#8216; am Da-Sein Institut in Winterthur bei Steve Haines<\/p>\n<p><span style=\"color: #cb9c59;\"><strong>2024<\/strong><\/span> NARM Intro (Entwicklungstrauma &amp; K-PTBS heilen) am Zentrum f\u00fcr innere \u00d6kologie in Z\u00fcrich bei Michael Mokrus<\/p>\n<p><span style=\"color: #cb9c59;\"><strong>2024<\/strong><\/span> Assistentin im SE Intro (Somatic Experiencing\u00ae) am Zentrum f\u00fcr innere \u00d6kologie in Z\u00fcrich bei Urs Honauer<br \/>\n<span style=\"color: #cb9c59;\"><strong>2024<\/strong><\/span> Assistentin &amp; Leiterin Geburtsprozessworkshop mit Monika L\u00fcthi, Wettingen<br \/>\n<span style=\"color: #cb9c59;\"><strong><span style=\"color: #cb9c59;\">202<\/span>4<\/strong><\/span> Weiterbildung &#8218;Mit den H\u00e4nden am Trauma&#8216; am Da-Sein Institut in Winterthur bei Katherine Ukleja<br \/>\n<span style=\"color: #cb9c59;\"><strong>2022 \u2013 2024<\/strong><\/span> Ausbildung Pr\u00e4natal- und Geburtstherapie am Da-Sein Institut in Winterthur bei Dominique D\u00e9granges<br \/>\n<span style=\"color: #cb9c59;\"><strong>2022 \u2013 2023<\/strong><\/span> Grundlagen der Supervision und des Assistierens (Assistenztraining) am Zentrum f\u00fcr innere \u00d6kologie in Z\u00fcrich bei Dr. James Jim Feil<br \/>\n<span style=\"color: #cb9c59;\"><strong>2018 \u2013 2022<\/strong><\/span> Ausbildung zur biodynamischen Craniosacraltherapeutin am Da-Sein Institut in Winterthur bei Dominique D\u00e9granges, Steve Haines und Katherine Ukleja<br \/>\n<span style=\"color: #cb9c59;\"><strong>2017 \u2013 2018<\/strong><\/span> Ausbildungsjahr integrales Heilen und Coaching bei Georg Meier (ehemaliger Sch\u00fcler von Barbara Ann Brennan USA) in Deutschland<br \/>\n<span style=\"color: #cb9c59;\"><strong>2016 \u2013 2017<\/strong><\/span> Medizinische Grundlagen bei Quintamed in Winterthur<br \/>\n<span style=\"color: #cb9c59;\"><strong>2012 \u2013 2015<\/strong><\/span> Somatic Experiencing\u00ae Traumahealing nach Peter A. Levine am Zentrum f\u00fcr innere \u00d6kologie in Z\u00fcrich bei Urs Honauer (seit 2015 in Praxist\u00e4tigkeit)<br \/>\n<span style=\"color: #cb9c59;\"><strong>2012 \u2013 2023<\/strong><\/span> Rechte Hand des Theaterautors Paul Steinmann, diverse Projekte als Regieassistentin, Schauspielcoach und &#8218;Oeil exterieur&#8216; (auf Anfrage)<br \/>\n<span style=\"color: #cb9c59;\"><strong>2010 \u2013 2012<\/strong><\/span> Gestalterische Berufsmaturit\u00e4t (GBMS) in Z\u00fcrich<br \/>\n<span style=\"color: #cb9c59;\"><strong>2000 \u2013 2004<\/strong><\/span> European Film Actor School (EFAS) und Mimenschule Ilg in Z\u00fcrich<br \/>\n<span style=\"color: #cb9c59;\"><strong>1995 \u2013 1998<\/strong><\/span> KV-Lehre in der SWICA Gesundheitsorganisation in Winterthur<\/p>\n<p>&nbsp;<\/p>\n<h2>Stimmen \u00fcber meine Arbeit:<\/h2>\n<p>&#171;Ich bin tief bewegt, \u00fcber die Tiefe und Sicherheit, die du vermittelst, die mir Raum gibt, mich zu \u00f6ffnen und mich auf die tiefen Gef\u00fchle einzulassen.&#187; D.R.<\/p>\n<p>&nbsp;<\/p>\n<p>&#171;Nach einigen schweren Ereignissen suchte ich Unterst\u00fctzung bei V\u00e9ronique Sallefranque und machte mich gut begleitet auf eine Reise zu unerwartetem Lebensmut und tiefer Lebensfreude.&#187; E.R.<\/p>\n<p>&nbsp;<\/p>\n<p>&#171;Ich weiss nicht, wie du das machst, aber es ist toll, wie ich mich nach deiner Craniobehandlung f\u00fchle, wie neu geboren.&#187; M.Z.<\/p>\n<p>&nbsp;<\/p>\n<p>&#171;Meine Tochter hat einfach durchgeschlafen, sie schl\u00e4ft immer noch. Seit 21.30h kein einziges Mal wach gewesen. Ich kann es nicht glauben. Danke!&#187; J.S.<\/p>\n<p>&nbsp;<\/p>\n<p>&#171;Deine Arbeit als Friedensstifterin \u00fcbertr\u00e4gt sich mehr und mehr in mein Wesen. Ich freue mich an der Integration, der Transformation und dem zunehmenden Frieden. Das Menschsein freut mich nun zutiefst. Danke f\u00fcr deine Weisheit, Zuversicht und Freude. Mit grosser Dankbarkeit f\u00fcr deine Arbeit.&#187; D.R.[\/vc_column_text][\/vc_column][\/vc_row]<\/p>\n<\/div>","protected":false},"excerpt":{"rendered":"<p>[vc_row css_animation=&#187;&#187; row_type=&#187;row&#187; use_row_as_full_screen_section=&#187;no&#187; type=&#187;full_width&#187; angled_section=&#187;no&#187; text_align=&#187;left&#187; background_image_as_pattern=&#187;without_pattern&#187; css=&#187;.vc_custom_1680039054011{padding-top: 30px !important;padding-right: 15% !important;padding-bottom: 75px !important;}&#187; z_index=&#187;&#187; el_class=&#187;no_padding_on_mob&#187;][vc_column width=&#187;1\/4&#8243; css=&#187;.vc_custom_1680169628779{padding-right: 10% !important;padding-bottom: 5% !important;}&#187;][vc_single_image image=&#187;658&#8243; img_size=&#187;medium&#187; qode_css_animation=&#187;&#187;][vc_column_text] V\u00e9ronique Sallefranque \u00dcber mich [\/vc_column_text][\/vc_column][vc_column width=&#187;3\/4&#8243;][vc_column_text css=&#187;.vc_custom_1678516869532{padding-top: 10px !important;padding-bottom: 20px !important;}&#187;] \u00dcber mich [\/vc_column_text][vc_column_text][\/vc_column_text][vc_column_text css=&#187;&#187;]Ich wuchs die ersten Lebensjahre&#8230;<\/p>\n","protected":false},"author":1,"featured_media":0,"parent":0,"menu_order":0,"comment_status":"closed","ping_status":"closed","template":"","meta":{"footnotes":""},"class_list":["post-727","page","type-page","status-publish","hentry"],"_links":{"self":[{"href":"https:\/\/sallefranque.ch\/index.php\/wp-json\/wp\/v2\/pages\/727","targetHints":{"allow":["GET"]}}],"collection":[{"href":"https:\/\/sallefranque.ch\/index.php\/wp-json\/wp\/v2\/pages"}],"about":[{"href":"https:\/\/sallefranque.ch\/index.php\/wp-json\/wp\/v2\/types\/page"}],"author":[{"embeddable":true,"href":"https:\/\/sallefranque.ch\/index.php\/wp-json\/wp\/v2\/users\/1"}],"replies":[{"embeddable":true,"href":"https:\/\/sallefranque.ch\/index.php\/wp-json\/wp\/v2\/comments?post=727"}],"version-history":[{"count":458,"href":"https:\/\/sallefranque.ch\/index.php\/wp-json\/wp\/v2\/pages\/727\/revisions"}],"predecessor-version":[{"id":2398,"href":"https:\/\/sallefranque.ch\/index.php\/wp-json\/wp\/v2\/pages\/727\/revisions\/2398"}],"wp:attachment":[{"href":"https:\/\/sallefranque.ch\/index.php\/wp-json\/wp\/v2\/media?parent=727"}],"curies":[{"name":"wp","href":"https:\/\/api.w.org\/{rel}","templated":true}]}}